-3) - -2. Suppose -4*m + t = -v + 7, -2*t = -m + 9. What is the remainder when 4 is divided by m?
1
Suppose 5*u = -114 + 424. Calculate the remainder when u is divided by 16.
14
Let j(x) = -4*x - 12. Let r = -9 + 1. Let m be j(r). Suppose -4*a = -0 - m. What is the remainder when 8 is divided by a?
3
Let o(g) = g**2 - 12*g + 13. Let w be o(11). Suppose w*s = -3*s + 370. What is the remainder when s is divided by 19?
17
Suppose 4*j = -5*d - 1390, -4*j = 3*d + 850 - 24. What is the remainder when 20 is divided by d/(-42) - (-2)/7?
6
Suppose -3*a + 36 = -a. Let b = a - 49. Let j = b - -43. What is the remainder when j is divided by 7?
5
Let l(z) = z**3 + z**2 - z + 3. Let k(w) = -w**2 + 3*w + 4. Let m be k(4). Let t be l(m). Suppose -t*f = 6 - 81. What is the remainder when f is divided by 13?
12
Suppose 23 - 83 = -4*k. Calculate the remainder when 9/(-4)*(-2 - 50/3) is divided by k.
12
Suppose -4*g - 9 = i, 3*i = -g + 6*g + 7. Calculate the remainder when (3 - 0)*g/(-6) is divided by -2*(1 - 9/6).
0
Let f = -34 + 52. Calculate the remainder when 2 - -49 - (-2 - -1) is divided by f.
16
Let r(u) = u**2 - 2*u - 2. Suppose 4*s = -2*l - l + 5, 0 = -4*l - s + 11. What is the remainder when r(5) is divided by 3*l - (-6)/(-3)?
6
Suppose 3*s - 16 = -s. Suppose s*z = -43 + 111. What is the remainder when z is divided by 9?
8
Let l = 23 + -11. What is the remainder when 71 is divided by l?
11
Let g(a) = 3*a**2 + 3*a**3 - 4*a**3 + 6 - 11*a**2 - 7*a + 0*a**3. Let d be g(-8). Suppose 190 = 4*x + d. What is the remainder when x is divided by 17?
15
Suppose 3*j + 140 = 5*y, 35 - 105 = -2*y + 4*j. What is the remainder when 40 is divided by y?
15
Suppose -364*k = -366*k + 260. What is the remainder when k is divided by 28?
18
Suppose 3*t - 5*y = 295, -4*t + 3*y - 239 = -647. Calculate the remainder when t is divided by 27.
24
Suppose s - 9 = 3*h, -3*h = 2*s - s - 9. What is the remainder when (-1805)/(-55) - (-2)/11 is divided by s?
6
Suppose 0 = q - 36 + 16. Calculate the remainder when 38 is divided by q.
18
Let f = 94 + -27. What is the remainder when f is divided by 35?
32
Let k(r) = r**3 - 7*r**2 + 3*r - 1. Let q be k(7). Suppose q = 5*u - u. Suppose -141 = -u*p + 94. What is the remainder when p is divided by 16?
15
Let b(a) = a + 1. Suppose 140 = 6*g + 44. What is the remainder when g is divided by b(5)?
4
Let c(z) = 9*z + 2. Let l(r) = 4*r + 1. Let h(f) = -3*c(f) + 5*l(f). Suppose 0 = 2*g - 0*g + 2. What is the remainder when 22 is divided by h(g)?
4
Let w be (-1)/(-2) + 1/2. What is the remainder when 22 is divided by 1*(0 - -12)*w?
10
Suppose 24 = p + 19. Suppose -5*s - 5 = -b + 8, -p*b - 5*s = -215. What is the remainder when b is divided by 14?
10
Let r(g) = -8*g + 3 + 0 - 4 + 2. What is the remainder when r(-1) is divided by 3?
0
What is the remainder when (-3 - 15/(-6)) + (-594)/(-4) is divided by 25?
23
Let r be -8*(-2 - (-3 - -2)). Let j(w) = 7*w - 9. Calculate the remainder when j(r) is divided by 16.
15
Let o be (-3 + 1)*34/4. Let w = 28 + o. Suppose -6 - 149 = -5*g. What is the remainder when g is divided by w?
9
Suppose -2*l - 28 = -2*w - 5*l, -3*w + 3*l + 27 = 0. What is the remainder when (-188)/(-6) - 9/27 is divided by w?
9
Calculate the remainder when 57 is divided by 1278/81 + (-4)/(-18).
9
Calculate the remainder when (276/10)/(6/15) is divided by 14.
13
Let d = 7 + 25. Let v(b) = b**2 - 3*b - 5. Calculate the remainder when v(-10) is divided by d.
29
Suppose 14 + 5 = g. Let h(f) = -f - 5. Let c be h(-3). What is the remainder when g is divided by 108/15 + c/10?
5
Let j be -2 + 1*10 + 0. Let v(y) = y**2 - 5*y + 5. What is the remainder when v(j) is divided by 3/((-6)/20)*-1?
9
Let l = -21 - -60. Suppose l = 3*o + 3. Calculate the remainder when o is divided by 7.
5
Let l = -757 - -1076. Calculate the remainder when l is divided by 46.
43
Let s = 23 - 25. Let o(k) = -10*k**3 - 3*k**2 - 3*k - 3. Calculate the remainder when o(s) is divided by 24.
23
Suppose -13*d + 5*d + 48 = 0. What is the remainder when d is divided by 3?
0
Let f(u) = -u - 8. Let o be f(12). What is the remainder when 39 is divided by (-309)/(-15) - 8/o?
18
Suppose -4*o - 2*w + 87 = w, -4*w + 56 = 2*o. Calculate the remainder when o is divided by 4.
2
Suppose 15 = a + 7. Let w = 13 - a. Calculate the remainder when w is divided by 2.
1
Suppose -3*l + 2 = -2*l. Let i be (4/7)/((-2)/(-7)). Suppose -2*f + i*a = -4*f - 8, -a - 7 = -l*f. What is the remainder when f is divided by 1?
0
Suppose 8*a - 3*a = 650. Suppose -3*y = -15, 0*y = -5*m + 3*y + a. What is the remainder when m is divided by 8?
5
Let m(w) = w**2 + 3*w - 4. Let b be m(-4). Suppose 3*g + 39 = 5*y, 2*g + 3*g + 15 = b. Calculate the remainder when 11 is divided by y.
5
What is the remainder when 10 is divided by 7 - ((-3 - -1) + 3)?
4
Suppose u - 3*u = 54. Calculate the remainder when 49 is divided by (-453)/u - (-4)/18.
15
Suppose 4*g = -2*z - z - 52, 0 = 5*g - 3*z + 65. Let s = g - -36. What is the remainder when s is divided by 12?
11
Let h be (1 + -1)/(-5 + 3). Let o(z) = -10*z**3 + z**2 + 2*z + 1. Calculate the remainder when o(-1) is divided by ((-36)/(-2))/3 - h.
4
Let s(g) = -g**2 + 11*g - 10. Let l be s(9). Let w be (-1 + -8)/((-12)/l). Suppose 4*h - w*h - 2*y = -6, 1 = -y. What is the remainder when 10 is divided by h?
2
Let r(j) be the second derivative of -2*j**3 - 17*j**2/2 + 8*j. What is the remainder when r(-5) is divided by 23?
20
Let p(a) = a**2 - 5*a - 10. Let b be p(7). Suppose 4*f - 5*j + 749 = 0, f = b*f + 5*j + 553. Calculate the remainder when f/(-4)*16/12 is divided by 16.
14
Let v = 14 - 8. Suppose -i + v = i. Suppose -k = -3*o - 36 - 13, 0 = i*k + 2*o - 136. What is the remainder when k is divided by 16?
14
Suppose 14 = 2*r + 6. Suppose r*v + 6 - 167 = 5*c, 2*v - 63 = -c. Calculate the remainder when v is divided by 12.
10
Let p = 125 + -68. What is the remainder when p is divided by 15?
12
Calculate the remainder when (18/12)/(6/8) is divided by 2.
0
Suppose 16*w + 56 = 20*w. What is the remainder when w is divided by 4?
2
Let g = 103 + -43. Suppose 4*n = 2*r + 3*r - g, 0 = 3*n + 15. Calculate the remainder when 39 is divided by r.
7
Let d = 10 - 7. What is the remainder when d is divided by 2?
1
Suppose 0 = -z - 5*p + 28, -p - p + 40 = z. What is the remainder when z is divided by (-12)/9 - 110/(-6)?
14
Let g(y) = y - 1. Let w be g(6). Suppose -j + w*q - 4 = -2, -2*q - 36 = -5*j. What is the remainder when j is divided by 3?
2
Suppose -2*t + 5*t - 18 = 0. Suppose 2*i = i + t. Calculate the remainder when 10 is divided by i.
4
Suppose 4*l = -u + 3 - 11, 2*l + 4 = -3*u. Calculate the remainder when 35 is divided by 0/7 - (u - 12).
11
Let h = 1 - 1. Suppose 3*c = -c + 20, h = -4*z - 2*c + 26. Suppose 0 = z*x - 5*r - 53, 2*x - 19 = -r + 2*r. What is the remainder when x is divided by 3?
1
Suppose -134 = -5*d + u - 0*u, 0 = 4*d + u - 100. What is the remainder when d is divided by 9?
8
Let t(b) = -b**2 + 5*b - 7. Let u be t(6). Let a = u + 23. What is the remainder when 1 + 54/((-2)/(-1)) is divided by a?
8
Suppose 701 = 14*b - 615. What is the remainder when b is divided by 12?
10
Suppose -5*d = -3 - 2. Suppose 5*x - 10 = 5*s, 0*s - 26 = -5*x - 3*s. Calculate the remainder when x is divided by 4/(d - (-1 + 0)).
0
What is the remainder when 83 is divided by 85/3 - (-1)/(-3)?
27
Suppose -8 = 2*u - 6*u. Let i be ((-12)/15)/(u/(-30)). Let b = -8 + i. What is the remainder when b is divided by 2?
0
Let w(y) = -y**3 - 9*y**2 + 9*y - 7. Suppose 4*x + 33 = -7. Let t be w(x). Suppose t*b - b - 20 = 0. What is the remainder when 28 is divided by b?
8
Let i = 124 + -115. Calculate the remainder when 30 is divided by i.
3
Suppose -7*v + 74 = -5*v. Suppose -3*w + v = -14. Calculate the remainder when w is divided by 6.
5
Suppose -5*r + 30 = -40. Calculate the remainder when (-1 + r)/(0 + 1) is divided by 7.
6
Let o be 8/(-10)*10/(-1). Let q = 12 - o. Calculate the remainder when q is divided by 2.
0
Suppose -3*b + 10 = -44. Calculate the remainder when 125 is divided by b.
17
Let m(c) be the third derivative of -c**4/4 + c**3/6 - 2*c**2. Let x = 41 + -38. What is the remainder when m(-1) is divided by x?
1
Suppose -5*j = -2*g + 71 + 41, -4*g + 210 = -3*j. Let t = 85 - g. Suppose -h = -4*h + 5*y